{"id":3385,"date":"2018-08-28T21:39:31","date_gmt":"2018-08-28T19:39:31","guid":{"rendered":"https:\/\/imagotest.ch\/swissfairtrade\/?page_id=3385"},"modified":"2025-09-24T08:54:01","modified_gmt":"2025-09-24T06:54:01","slug":"champs-d-actions","status":"publish","type":"page","link":"https:\/\/www.swissfairtrade.ch\/fr\/champs-d-actions\/","title":{"rendered":"Champs d\u2019actions"},"content":{"rendered":"<div class=\"wpb-content-wrapper\"><p>[vc_row full_width=\u00a0\u00bbstretch_row\u00a0\u00bb content_placement=\u00a0\u00bbbottom\u00a0\u00bb parallax=\u00a0\u00bbcontent-moving-fade\u00a0\u00bb parallax_image=\u00a0\u00bb2959&Prime; css=\u00a0\u00bb.vc_custom_1534756638412{background: rgba(196,196,196,0.71) url(https:\/\/www.swissfairtrade.ch\/wp-content\/uploads\/ghana-2422039_1920.jpg?id=2162);background-position: center;background-repeat: no-repeat !important;background-size: cover !important;*background-color: rgb(196,196,196) !important;}\u00a0\u00bb el_class=\u00a0\u00bbheader\u00a0\u00bb][vc_column][vc_column_text el_class=\u00a0\u00bbtxt-white\u00a0\u00bb]<\/p>\n<div class=\"annot\">\n<div class=\"row-main\">\n<div class=\"text\">\n<h1>Champs d\u2019actions<\/h1>\n<div class=\"csc-header csc-header-n1\">\n<h2 class=\"csc-firstHeader\">Informations et documents sur le commerce \u00e9quitable<\/h2>\n<\/div>\n<div class=\"csc-content\"><\/div>\n<\/div>\n<\/div>\n<\/div>\n<p>[\/vc_column_text][\/vc_column][\/vc_row][vc_row][vc_column][vc_column_text]L&rsquo;association sert de plate-forme d&rsquo;\u00e9change pour ses membres et de centre de comp\u00e9tence pour le commerce \u00e9quitable en Suisse.<\/p>\n<p>Vous trouverez ci-dessous une s\u00e9lection des th\u00e8mes trait\u00e9s.[\/vc_column_text][\/vc_column][\/vc_row][vc_row][vc_column][vc_basic_grid post_type=\u00a0\u00bbpage\u00a0\u00bb max_items=\u00a0\u00bb-1&Prime; gap=\u00a0\u00bb20&Prime; orderby=\u00a0\u00bbID\u00a0\u00bb order=\u00a0\u00bbASC\u00a0\u00bb item=\u00a0\u00bb1885&Prime; css=\u00a0\u00bb\u00a0\u00bb grid_id=\u00a0\u00bbvc_gid:1758696827249-63a60337-e56d-9&Prime; taxonomies=\u00a0\u00bb242&Prime; el_id=\u00a0\u00bbhoverColor\u00a0\u00bb][\/vc_column][\/vc_row]<\/p>\n<\/div>","protected":false},"excerpt":{"rendered":"<p>[vc_row full_width=\u00a0\u00bbstretch_row\u00a0\u00bb content_placement=\u00a0\u00bbbottom\u00a0\u00bb parallax=\u00a0\u00bbcontent-moving-fade\u00a0\u00bb parallax_image=\u00a0\u00bb2959&Prime; css=\u00a0\u00bb.vc_custom_1534756638412{background: rgba(196,196,196,0.71) url(https:\/\/www.swissfairtrade.ch\/wp-content\/uploads\/ghana-2422039_1920.jpg?id=2162);background-position: center;background-repeat: no-repeat !important;background-size: cover !important;*background-color: rgb(196,196,196) !important;}\u00a0\u00bb el_class=\u00a0\u00bbheader\u00a0\u00bb][vc_column][vc_column_text el_class=\u00a0\u00bbtxt-white\u00a0\u00bb] Champs d\u2019actions Informations et documents sur le commerce \u00e9quitable [\/vc_column_text][\/vc_column][\/vc_row][vc_row][vc_column][vc_column_text]L&rsquo;association sert de plate-forme d&rsquo;\u00e9change pour ses membres et de centre de comp\u00e9tence pour le commerce \u00e9quitable en Suisse. Vous trouverez ci-dessous une s\u00e9lection des th\u00e8mes trait\u00e9s.[\/vc_column_text][\/vc_column][\/vc_row][vc_row][vc_column][vc_basic_grid post_type=\u00a0\u00bbpage\u00a0\u00bb max_items=\u00a0\u00bb-1&Prime; &#8230; <a title=\"Champs d\u2019actions\" class=\"read-more\" href=\"https:\/\/www.swissfairtrade.ch\/fr\/champs-d-actions\/\" aria-label=\"En savoir plus sur Champs d\u2019actions\">Read more<\/a><\/p>\n","protected":false},"author":2,"featured_media":0,"parent":0,"menu_order":1,"comment_status":"closed","ping_status":"closed","template":"","meta":{"generate_page_header":"","footnotes":"","_links_to":"","_links_to_target":""},"hauptseiten-kategorie":[242],"class_list":{"0":"post-3385","1":"page","2":"type-page","3":"status-publish","5":"hauptseiten-kategorie-schwerpunkte"},"yoast_head":"<!-- This site is optimized with the Yoast SEO plugin v26.2 - https:\/\/yoast.com\/wordpress\/plugins\/seo\/ -->\n<title>Champs d\u2019actions - Swiss Fair Trade<\/title>\n<meta name=\"robots\" content=\"index, follow, max-snippet:-1, max-image-preview:large, max-video-preview:-1\" \/>\n<link rel=\"canonical\" href=\"https:\/\/www.swissfairtrade.ch\/fr\/champs-d-actions\/\" \/>\n<meta property=\"og:locale\" content=\"fr_FR\" \/>\n<meta property=\"og:type\" content=\"article\" \/>\n<meta property=\"og:title\" content=\"Champs d\u2019actions - Swiss Fair Trade\" \/>\n<meta property=\"og:description\" content=\"[vc_row full_width=\u00a0\u00bbstretch_row\u00a0\u00bb content_placement=\u00a0\u00bbbottom\u00a0\u00bb parallax=\u00a0\u00bbcontent-moving-fade\u00a0\u00bb parallax_image=\u00a0\u00bb2959&Prime; css=\u00a0\u00bb.vc_custom_1534756638412{background: rgba(196,196,196,0.71) url(https:\/\/www.swissfairtrade.ch\/wp-content\/uploads\/ghana-2422039_1920.jpg?id=2162);background-position: center;background-repeat: no-repeat !important;background-size: cover !important;*background-color: rgb(196,196,196) !important;}\u00a0\u00bb el_class=\u00a0\u00bbheader\u00a0\u00bb][vc_column][vc_column_text el_class=\u00a0\u00bbtxt-white\u00a0\u00bb] Champs d\u2019actions Informations et documents sur le commerce \u00e9quitable [\/vc_column_text][\/vc_column][\/vc_row][vc_row][vc_column][vc_column_text]L&rsquo;association sert de plate-forme d&rsquo;\u00e9change pour ses membres et de centre de comp\u00e9tence pour le commerce \u00e9quitable en Suisse. Vous trouverez ci-dessous une s\u00e9lection des th\u00e8mes trait\u00e9s.[\/vc_column_text][\/vc_column][\/vc_row][vc_row][vc_column][vc_basic_grid post_type=\u00a0\u00bbpage\u00a0\u00bb max_items=\u00a0\u00bb-1&Prime; ... Read more\" \/>\n<meta property=\"og:url\" content=\"https:\/\/www.swissfairtrade.ch\/fr\/champs-d-actions\/\" \/>\n<meta property=\"og:site_name\" content=\"Swiss Fair Trade\" \/>\n<meta property=\"article:modified_time\" content=\"2025-09-24T06:54:01+00:00\" \/>\n<meta name=\"twitter:card\" content=\"summary_large_image\" \/>\n<meta name=\"twitter:label1\" content=\"Dur\u00e9e de lecture estim\u00e9e\" \/>\n\t<meta name=\"twitter:data1\" content=\"1 minute\" \/>\n<script type=\"application\/ld+json\" class=\"yoast-schema-graph\">{\"@context\":\"https:\/\/schema.org\",\"@graph\":[{\"@type\":\"WebPage\",\"@id\":\"https:\/\/www.swissfairtrade.ch\/fr\/champs-d-actions\/\",\"url\":\"https:\/\/www.swissfairtrade.ch\/fr\/champs-d-actions\/\",\"name\":\"Champs d\u2019actions - Swiss Fair Trade\",\"isPartOf\":{\"@id\":\"https:\/\/www.swissfairtrade.ch\/it\/#website\"},\"datePublished\":\"2018-08-28T19:39:31+00:00\",\"dateModified\":\"2025-09-24T06:54:01+00:00\",\"breadcrumb\":{\"@id\":\"https:\/\/www.swissfairtrade.ch\/fr\/champs-d-actions\/#breadcrumb\"},\"inLanguage\":\"fr-FR\",\"potentialAction\":[{\"@type\":\"ReadAction\",\"target\":[\"https:\/\/www.swissfairtrade.ch\/fr\/champs-d-actions\/\"]}]},{\"@type\":\"BreadcrumbList\",\"@id\":\"https:\/\/www.swissfairtrade.ch\/fr\/champs-d-actions\/#breadcrumb\",\"itemListElement\":[{\"@type\":\"ListItem\",\"position\":1,\"name\":\"Home\",\"item\":\"https:\/\/www.swissfairtrade.ch\/fr\/\"},{\"@type\":\"ListItem\",\"position\":2,\"name\":\"Champs d\u2019actions\"}]},{\"@type\":\"WebSite\",\"@id\":\"https:\/\/www.swissfairtrade.ch\/it\/#website\",\"url\":\"https:\/\/www.swissfairtrade.ch\/it\/\",\"name\":\"Swiss Fair Trade\",\"description\":\"\",\"publisher\":{\"@id\":\"https:\/\/www.swissfairtrade.ch\/it\/#organization\"},\"potentialAction\":[{\"@type\":\"SearchAction\",\"target\":{\"@type\":\"EntryPoint\",\"urlTemplate\":\"https:\/\/www.swissfairtrade.ch\/it\/?s={search_term_string}\"},\"query-input\":{\"@type\":\"PropertyValueSpecification\",\"valueRequired\":true,\"valueName\":\"search_term_string\"}}],\"inLanguage\":\"fr-FR\"},{\"@type\":\"Organization\",\"@id\":\"https:\/\/www.swissfairtrade.ch\/it\/#organization\",\"name\":\"Swiss Fair Trade\",\"url\":\"https:\/\/www.swissfairtrade.ch\/it\/\",\"logo\":{\"@type\":\"ImageObject\",\"inLanguage\":\"fr-FR\",\"@id\":\"https:\/\/www.swissfairtrade.ch\/it\/#\/schema\/logo\/image\/\",\"url\":\"https:\/\/www.swissfairtrade.ch\/wp-content\/uploads\/SwissFairTrade-Logo-rgb-203.51.59-web.png\",\"contentUrl\":\"https:\/\/www.swissfairtrade.ch\/wp-content\/uploads\/SwissFairTrade-Logo-rgb-203.51.59-web.png\",\"width\":130,\"height\":115,\"caption\":\"Swiss Fair Trade\"},\"image\":{\"@id\":\"https:\/\/www.swissfairtrade.ch\/it\/#\/schema\/logo\/image\/\"}}]}<\/script>\n<!-- \/ Yoast SEO plugin. -->","yoast_head_json":{"title":"Champs d\u2019actions - Swiss Fair Trade","robots":{"index":"index","follow":"follow","max-snippet":"max-snippet:-1","max-image-preview":"max-image-preview:large","max-video-preview":"max-video-preview:-1"},"canonical":"https:\/\/www.swissfairtrade.ch\/fr\/champs-d-actions\/","og_locale":"fr_FR","og_type":"article","og_title":"Champs d\u2019actions - Swiss Fair Trade","og_description":"[vc_row full_width=\u00a0\u00bbstretch_row\u00a0\u00bb content_placement=\u00a0\u00bbbottom\u00a0\u00bb parallax=\u00a0\u00bbcontent-moving-fade\u00a0\u00bb parallax_image=\u00a0\u00bb2959&Prime; css=\u00a0\u00bb.vc_custom_1534756638412{background: rgba(196,196,196,0.71) url(https:\/\/www.swissfairtrade.ch\/wp-content\/uploads\/ghana-2422039_1920.jpg?id=2162);background-position: center;background-repeat: no-repeat !important;background-size: cover !important;*background-color: rgb(196,196,196) !important;}\u00a0\u00bb el_class=\u00a0\u00bbheader\u00a0\u00bb][vc_column][vc_column_text el_class=\u00a0\u00bbtxt-white\u00a0\u00bb] Champs d\u2019actions Informations et documents sur le commerce \u00e9quitable [\/vc_column_text][\/vc_column][\/vc_row][vc_row][vc_column][vc_column_text]L&rsquo;association sert de plate-forme d&rsquo;\u00e9change pour ses membres et de centre de comp\u00e9tence pour le commerce \u00e9quitable en Suisse. Vous trouverez ci-dessous une s\u00e9lection des th\u00e8mes trait\u00e9s.[\/vc_column_text][\/vc_column][\/vc_row][vc_row][vc_column][vc_basic_grid post_type=\u00a0\u00bbpage\u00a0\u00bb max_items=\u00a0\u00bb-1&Prime; ... Read more","og_url":"https:\/\/www.swissfairtrade.ch\/fr\/champs-d-actions\/","og_site_name":"Swiss Fair Trade","article_modified_time":"2025-09-24T06:54:01+00:00","twitter_card":"summary_large_image","twitter_misc":{"Dur\u00e9e de lecture estim\u00e9e":"1 minute"},"schema":{"@context":"https:\/\/schema.org","@graph":[{"@type":"WebPage","@id":"https:\/\/www.swissfairtrade.ch\/fr\/champs-d-actions\/","url":"https:\/\/www.swissfairtrade.ch\/fr\/champs-d-actions\/","name":"Champs d\u2019actions - Swiss Fair Trade","isPartOf":{"@id":"https:\/\/www.swissfairtrade.ch\/it\/#website"},"datePublished":"2018-08-28T19:39:31+00:00","dateModified":"2025-09-24T06:54:01+00:00","breadcrumb":{"@id":"https:\/\/www.swissfairtrade.ch\/fr\/champs-d-actions\/#breadcrumb"},"inLanguage":"fr-FR","potentialAction":[{"@type":"ReadAction","target":["https:\/\/www.swissfairtrade.ch\/fr\/champs-d-actions\/"]}]},{"@type":"BreadcrumbList","@id":"https:\/\/www.swissfairtrade.ch\/fr\/champs-d-actions\/#breadcrumb","itemListElement":[{"@type":"ListItem","position":1,"name":"Home","item":"https:\/\/www.swissfairtrade.ch\/fr\/"},{"@type":"ListItem","position":2,"name":"Champs d\u2019actions"}]},{"@type":"WebSite","@id":"https:\/\/www.swissfairtrade.ch\/it\/#website","url":"https:\/\/www.swissfairtrade.ch\/it\/","name":"Swiss Fair Trade","description":"","publisher":{"@id":"https:\/\/www.swissfairtrade.ch\/it\/#organization"},"potentialAction":[{"@type":"SearchAction","target":{"@type":"EntryPoint","urlTemplate":"https:\/\/www.swissfairtrade.ch\/it\/?s={search_term_string}"},"query-input":{"@type":"PropertyValueSpecification","valueRequired":true,"valueName":"search_term_string"}}],"inLanguage":"fr-FR"},{"@type":"Organization","@id":"https:\/\/www.swissfairtrade.ch\/it\/#organization","name":"Swiss Fair Trade","url":"https:\/\/www.swissfairtrade.ch\/it\/","logo":{"@type":"ImageObject","inLanguage":"fr-FR","@id":"https:\/\/www.swissfairtrade.ch\/it\/#\/schema\/logo\/image\/","url":"https:\/\/www.swissfairtrade.ch\/wp-content\/uploads\/SwissFairTrade-Logo-rgb-203.51.59-web.png","contentUrl":"https:\/\/www.swissfairtrade.ch\/wp-content\/uploads\/SwissFairTrade-Logo-rgb-203.51.59-web.png","width":130,"height":115,"caption":"Swiss Fair Trade"},"image":{"@id":"https:\/\/www.swissfairtrade.ch\/it\/#\/schema\/logo\/image\/"}}]}},"_links":{"self":[{"href":"https:\/\/www.swissfairtrade.ch\/fr\/wp-json\/wp\/v2\/pages\/3385","targetHints":{"allow":["GET"]}}],"collection":[{"href":"https:\/\/www.swissfairtrade.ch\/fr\/wp-json\/wp\/v2\/pages"}],"about":[{"href":"https:\/\/www.swissfairtrade.ch\/fr\/wp-json\/wp\/v2\/types\/page"}],"author":[{"embeddable":true,"href":"https:\/\/www.swissfairtrade.ch\/fr\/wp-json\/wp\/v2\/users\/2"}],"replies":[{"embeddable":true,"href":"https:\/\/www.swissfairtrade.ch\/fr\/wp-json\/wp\/v2\/comments?post=3385"}],"version-history":[{"count":0,"href":"https:\/\/www.swissfairtrade.ch\/fr\/wp-json\/wp\/v2\/pages\/3385\/revisions"}],"wp:attachment":[{"href":"https:\/\/www.swissfairtrade.ch\/fr\/wp-json\/wp\/v2\/media?parent=3385"}],"wp:term":[{"taxonomy":"hauptseiten-kategorie","embeddable":true,"href":"https:\/\/www.swissfairtrade.ch\/fr\/wp-json\/wp\/v2\/hauptseiten-kategorie?post=3385"}],"curies":[{"name":"wp","href":"https:\/\/api.w.org\/{rel}","templated":true}]}}

<div class="wpb-content-wrapper"><p>[vc_row full_width= »stretch_row » content_placement= »bottom » parallax= »content-moving-fade » parallax_image= »2959&Prime; css= ».vc_custom_1534756638412{background: rgba(196,196,196,0.71) url(https://www.swissfairtrade.ch/wp-content/uploads/ghana-2422039_1920.jpg?id=2162);background-position: center;background-repeat: no-repeat !important;background-size: cover !important;*background-color: rgb(196,196,196) !important;} » el_class= »header »][vc_column][vc_column_text el_class= »txt-white »]</p>
<div class="annot">
<div class="row-main">
<div class="text">
<h1>Champs d’actions</h1>
<div class="csc-header csc-header-n1">
<h2 class="csc-firstHeader">Informations et documents sur le commerce équitable</h2>
</div>
<div class="csc-content"></div>
</div>
</div>
</div>
<p>[/vc_column_text][/vc_column][/vc_row][vc_row][vc_column][vc_column_text]L&rsquo;association sert de plate-forme d&rsquo;échange pour ses membres et de centre de compétence pour le commerce équitable en Suisse.</p>
<p>Vous trouverez ci-dessous une sélection des thèmes traités.[/vc_column_text][/vc_column][/vc_row][vc_row][vc_column][vc_basic_grid post_type= »page » max_items= »-1&Prime; gap= »20&Prime; orderby= »ID » order= »ASC » item= »1885&Prime; css= » » grid_id= »vc_gid:1758696827249-63a60337-e56d-9&Prime; taxonomies= »242&Prime; el_id= »hoverColor »][/vc_column][/vc_row]</p>
</div>

<p>[vc_row full_width= »stretch_row » content_placement= »bottom » parallax= »content-moving-fade » parallax_image= »2959&Prime; css= ».vc_custom_1534756638412{background: rgba(196,196,196,0.71) url(https://www.swissfairtrade.ch/wp-content/uploads/ghana-2422039_1920.jpg?id=2162);background-position: center;background-repeat: no-repeat !important;background-size: cover !important;*background-color: rgb(196,196,196) !important;} » el_class= »header »][vc_column][vc_column_text el_class= »txt-white »] Champs d’actions Informations et documents sur le commerce équitable [/vc_column_text][/vc_column][/vc_row][vc_row][vc_column][vc_column_text]L&rsquo;association sert de plate-forme d&rsquo;échange pour ses membres et de centre de compétence pour le commerce équitable en Suisse. Vous trouverez ci-dessous une sélection des thèmes traités.[/vc_column_text][/vc_column][/vc_row][vc_row][vc_column][vc_basic_grid post_type= »page » max_items= »-1&Prime; &#8230; <a title="Champs d’actions" class="read-more" href="https://www.swissfairtrade.ch/fr/champs-d-actions/" aria-label="En savoir plus sur Champs d’actions">Read more</a></p>

<!-- This site is optimized with the Yoast SEO plugin v26.2 - https://yoast.com/wordpress/plugins/seo/ -->
<title>Champs d’actions - Swiss Fair Trade</title>
<meta name="robots" content="index, follow, max-snippet:-1, max-image-preview:large, max-video-preview:-1" />
<link rel="canonical" href="https://www.swissfairtrade.ch/fr/champs-d-actions/" />
<meta property="og:locale" content="fr_FR" />
<meta property="og:type" content="article" />
<meta property="og:title" content="Champs d’actions - Swiss Fair Trade" />
<meta property="og:description" content="[vc_row full_width= »stretch_row » content_placement= »bottom » parallax= »content-moving-fade » parallax_image= »2959&Prime; css= ».vc_custom_1534756638412{background: rgba(196,196,196,0.71) url(https://www.swissfairtrade.ch/wp-content/uploads/ghana-2422039_1920.jpg?id=2162);background-position: center;background-repeat: no-repeat !important;background-size: cover !important;*background-color: rgb(196,196,196) !important;} » el_class= »header »][vc_column][vc_column_text el_class= »txt-white »] Champs d’actions Informations et documents sur le commerce équitable [/vc_column_text][/vc_column][/vc_row][vc_row][vc_column][vc_column_text]L&rsquo;association sert de plate-forme d&rsquo;échange pour ses membres et de centre de compétence pour le commerce équitable en Suisse. Vous trouverez ci-dessous une sélection des thèmes traités.[/vc_column_text][/vc_column][/vc_row][vc_row][vc_column][vc_basic_grid post_type= »page » max_items= »-1&Prime; ... Read more" />
<meta property="og:url" content="https://www.swissfairtrade.ch/fr/champs-d-actions/" />
<meta property="og:site_name" content="Swiss Fair Trade" />
<meta property="article:modified_time" content="2025-09-24T06:54:01+00:00" />
<meta name="twitter:card" content="summary_large_image" />
<meta name="twitter:label1" content="Durée de lecture estimée" />
	<meta name="twitter:data1" content="1 minute" />
<script type="application/ld+json" class="yoast-schema-graph">{"@context":"https://schema.org","@graph":[{"@type":"WebPage","@id":"https://www.swissfairtrade.ch/fr/champs-d-actions/","url":"https://www.swissfairtrade.ch/fr/champs-d-actions/","name":"Champs d’actions - Swiss Fair Trade","isPartOf":{"@id":"https://www.swissfairtrade.ch/it/#website"},"datePublished":"2018-08-28T19:39:31+00:00","dateModified":"2025-09-24T06:54:01+00:00","breadcrumb":{"@id":"https://www.swissfairtrade.ch/fr/champs-d-actions/#breadcrumb"},"inLanguage":"fr-FR","potentialAction":[{"@type":"ReadAction","target":["https://www.swissfairtrade.ch/fr/champs-d-actions/"]}]},{"@type":"BreadcrumbList","@id":"https://www.swissfairtrade.ch/fr/champs-d-actions/#breadcrumb","itemListElement":[{"@type":"ListItem","position":1,"name":"Home","item":"https://www.swissfairtrade.ch/fr/"},{"@type":"ListItem","position":2,"name":"Champs d’actions"}]},{"@type":"WebSite","@id":"https://www.swissfairtrade.ch/it/#website","url":"https://www.swissfairtrade.ch/it/","name":"Swiss Fair Trade","description":"","publisher":{"@id":"https://www.swissfairtrade.ch/it/#organization"},"potentialAction":[{"@type":"SearchAction","target":{"@type":"EntryPoint","urlTemplate":"https://www.swissfairtrade.ch/it/?s={search_term_string}"},"query-input":{"@type":"PropertyValueSpecification","valueRequired":true,"valueName":"search_term_string"}}],"inLanguage":"fr-FR"},{"@type":"Organization","@id":"https://www.swissfairtrade.ch/it/#organization","name":"Swiss Fair Trade","url":"https://www.swissfairtrade.ch/it/","logo":{"@type":"ImageObject","inLanguage":"fr-FR","@id":"https://www.swissfairtrade.ch/it/#/schema/logo/image/","url":"https://www.swissfairtrade.ch/wp-content/uploads/SwissFairTrade-Logo-rgb-203.51.59-web.png","contentUrl":"https://www.swissfairtrade.ch/wp-content/uploads/SwissFairTrade-Logo-rgb-203.51.59-web.png","width":130,"height":115,"caption":"Swiss Fair Trade"},"image":{"@id":"https://www.swissfairtrade.ch/it/#/schema/logo/image/"}}]}</script>
<!-- / Yoast SEO plugin. -->

[vc_row full_width= »stretch_row » content_placement= »bottom » parallax= »content-moving-fade » parallax_image= »2959&Prime; css= ».vc_custom_1534756638412{background: rgba(196,196,196,0.71) url(https://www.swissfairtrade.ch/wp-content/uploads/ghana-2422039_1920.jpg?id=2162);background-position: center;background-repeat: no-repeat !important;background-size: cover !important;*background-color: rgb(196,196,196) !important;} » el_class= »header »][vc_column][vc_column_text el_class= »txt-white »] Champs d’actions Informations et documents sur le commerce équitable [/vc_column_text][/vc_column][/vc_row][vc_row][vc_column][vc_column_text]L&rsquo;association sert de plate-forme d&rsquo;échange pour ses membres et de centre de compétence pour le commerce équitable en Suisse. Vous trouverez ci-dessous une sélection des thèmes traités.[/vc_column_text][/vc_column][/vc_row][vc_row][vc_column][vc_basic_grid post_type= »page » max_items= »-1&Prime; ... Read more
