{"id":12580,"date":"2025-03-05T11:25:28","date_gmt":"2025-03-05T10:25:28","guid":{"rendered":"https:\/\/www.swissfairtrade.ch\/?page_id=12580"},"modified":"2025-03-05T11:25:28","modified_gmt":"2025-03-05T10:25:28","slug":"defense-dinterets-2","status":"publish","type":"page","link":"https:\/\/www.swissfairtrade.ch\/fr\/champs-d-actions\/defense-dinterets-2\/","title":{"rendered":"D\u00e9fense d\u2019int\u00e9r\u00eats et formation"},"content":{"rendered":"<div class=\"wpb-content-wrapper\"><p>[vc_row full_width=\u00a0\u00bbstretch_row\u00a0\u00bb content_placement=\u00a0\u00bbbottom\u00a0\u00bb parallax=\u00a0\u00bbcontent-moving-fade\u00a0\u00bb parallax_image=\u00a0\u00bb2959&Prime; css=\u00a0\u00bb.vc_custom_1535916510486{background: rgba(196,196,196,0.71) url(https:\/\/www.swissfairtrade.ch\/wp-content\/uploads\/252806-EQIMAGES_356449.jpg?id=2609);background-position: center;background-repeat: no-repeat !important;background-size: cover !important;*background-color: rgb(196,196,196) !important;}\u00a0\u00bb el_class=\u00a0\u00bbheader\u00a0\u00bb][vc_column][vc_column_text el_class=\u00a0\u00bbtxt-white\u00a0\u00bb]<\/p>\n<div class=\"annot\">\n<div class=\"row-main\">\n<div class=\"text\">\n<h1><b>D\u00e9fense d\u2019int\u00e9r\u00eats et formation<\/b><\/h1>\n<h2>Revendications du commerce \u00e9quitable.<\/h2>\n<\/div>\n<\/div>\n<\/div>\n<p>[\/vc_column_text][\/vc_column][\/vc_row][vc_row][vc_column][vc_column_text]Le commerce mondial concerne \u00e9galement les secteurs de la politique et l&rsquo;\u00e9ducation en Suisse. Nous pr\u00e9sentons ici les questions politiques que nous abordons ainsi que des propositions pour inclure le commerce \u00e9quitable dans l&rsquo;enseignement.[\/vc_column_text][\/vc_column][\/vc_row][vc_row][vc_column][vc_basic_grid post_type=\u00a0\u00bbpage\u00a0\u00bb max_items=\u00a0\u00bb-1&Prime; gap=\u00a0\u00bb10&Prime; item=\u00a0\u00bb1885&Prime; css=\u00a0\u00bb\u00a0\u00bb grid_id=\u00a0\u00bbvc_gid:1741170244287-6e577cc6-361b-3&Prime; taxonomies=\u00a0\u00bb239&Prime;][\/vc_column][\/vc_row]<\/p>\n<\/div>","protected":false},"excerpt":{"rendered":"<p>Revendications du commerce \u00e9quitable.<\/p>\n","protected":false},"author":3,"featured_media":2609,"parent":3385,"menu_order":5,"comment_status":"closed","ping_status":"closed","template":"","meta":{"generate_page_header":"","footnotes":"","_links_to":"","_links_to_target":""},"hauptseiten-kategorie":[242],"class_list":{"0":"post-12580","1":"page","2":"type-page","3":"status-publish","4":"has-post-thumbnail","6":"hauptseiten-kategorie-schwerpunkte"},"yoast_head":"<!-- This site is optimized with the Yoast SEO plugin v26.2 - https:\/\/yoast.com\/wordpress\/plugins\/seo\/ -->\n<title>D\u00e9fense d\u2019int\u00e9r\u00eats et formation - Swiss Fair Trade<\/title>\n<meta name=\"robots\" content=\"index, follow, max-snippet:-1, max-image-preview:large, max-video-preview:-1\" \/>\n<link rel=\"canonical\" href=\"https:\/\/www.swissfairtrade.ch\/fr\/champs-d-actions\/defense-dinterets-2\/\" \/>\n<meta property=\"og:locale\" content=\"fr_FR\" \/>\n<meta property=\"og:type\" content=\"article\" \/>\n<meta property=\"og:title\" content=\"D\u00e9fense d\u2019int\u00e9r\u00eats et formation - Swiss Fair Trade\" \/>\n<meta property=\"og:description\" content=\"Revendications du commerce \u00e9quitable.\" \/>\n<meta property=\"og:url\" content=\"https:\/\/www.swissfairtrade.ch\/fr\/champs-d-actions\/defense-dinterets-2\/\" \/>\n<meta property=\"og:site_name\" content=\"Swiss Fair Trade\" \/>\n<meta property=\"og:image\" content=\"https:\/\/www.swissfairtrade.ch\/wp-content\/uploads\/252806-EQIMAGES_356449.jpg\" \/>\n\t<meta property=\"og:image:width\" content=\"680\" \/>\n\t<meta property=\"og:image:height\" content=\"378\" \/>\n\t<meta property=\"og:image:type\" content=\"image\/jpeg\" \/>\n<meta name=\"twitter:card\" content=\"summary_large_image\" \/>\n<meta name=\"twitter:label1\" content=\"Dur\u00e9e de lecture estim\u00e9e\" \/>\n\t<meta name=\"twitter:data1\" content=\"1 minute\" \/>\n<script type=\"application\/ld+json\" class=\"yoast-schema-graph\">{\"@context\":\"https:\/\/schema.org\",\"@graph\":[{\"@type\":\"WebPage\",\"@id\":\"https:\/\/www.swissfairtrade.ch\/fr\/champs-d-actions\/defense-dinterets-2\/\",\"url\":\"https:\/\/www.swissfairtrade.ch\/fr\/champs-d-actions\/defense-dinterets-2\/\",\"name\":\"D\u00e9fense d\u2019int\u00e9r\u00eats et formation - Swiss Fair Trade\",\"isPartOf\":{\"@id\":\"https:\/\/www.swissfairtrade.ch\/it\/#website\"},\"primaryImageOfPage\":{\"@id\":\"https:\/\/www.swissfairtrade.ch\/fr\/champs-d-actions\/defense-dinterets-2\/#primaryimage\"},\"image\":{\"@id\":\"https:\/\/www.swissfairtrade.ch\/fr\/champs-d-actions\/defense-dinterets-2\/#primaryimage\"},\"thumbnailUrl\":\"https:\/\/www.swissfairtrade.ch\/wp-content\/uploads\/252806-EQIMAGES_356449.jpg\",\"datePublished\":\"2025-03-05T10:25:28+00:00\",\"breadcrumb\":{\"@id\":\"https:\/\/www.swissfairtrade.ch\/fr\/champs-d-actions\/defense-dinterets-2\/#breadcrumb\"},\"inLanguage\":\"fr-FR\",\"potentialAction\":[{\"@type\":\"ReadAction\",\"target\":[\"https:\/\/www.swissfairtrade.ch\/fr\/champs-d-actions\/defense-dinterets-2\/\"]}]},{\"@type\":\"ImageObject\",\"inLanguage\":\"fr-FR\",\"@id\":\"https:\/\/www.swissfairtrade.ch\/fr\/champs-d-actions\/defense-dinterets-2\/#primaryimage\",\"url\":\"https:\/\/www.swissfairtrade.ch\/wp-content\/uploads\/252806-EQIMAGES_356449.jpg\",\"contentUrl\":\"https:\/\/www.swissfairtrade.ch\/wp-content\/uploads\/252806-EQIMAGES_356449.jpg\",\"width\":680,\"height\":378},{\"@type\":\"BreadcrumbList\",\"@id\":\"https:\/\/www.swissfairtrade.ch\/fr\/champs-d-actions\/defense-dinterets-2\/#breadcrumb\",\"itemListElement\":[{\"@type\":\"ListItem\",\"position\":1,\"name\":\"Home\",\"item\":\"https:\/\/www.swissfairtrade.ch\/fr\/\"},{\"@type\":\"ListItem\",\"position\":2,\"name\":\"Champs d\u2019actions\",\"item\":\"https:\/\/www.swissfairtrade.ch\/fr\/champs-d-actions\/\"},{\"@type\":\"ListItem\",\"position\":3,\"name\":\"D\u00e9fense d\u2019int\u00e9r\u00eats et formation\"}]},{\"@type\":\"WebSite\",\"@id\":\"https:\/\/www.swissfairtrade.ch\/it\/#website\",\"url\":\"https:\/\/www.swissfairtrade.ch\/it\/\",\"name\":\"Swiss Fair Trade\",\"description\":\"\",\"publisher\":{\"@id\":\"https:\/\/www.swissfairtrade.ch\/it\/#organization\"},\"potentialAction\":[{\"@type\":\"SearchAction\",\"target\":{\"@type\":\"EntryPoint\",\"urlTemplate\":\"https:\/\/www.swissfairtrade.ch\/it\/?s={search_term_string}\"},\"query-input\":{\"@type\":\"PropertyValueSpecification\",\"valueRequired\":true,\"valueName\":\"search_term_string\"}}],\"inLanguage\":\"fr-FR\"},{\"@type\":\"Organization\",\"@id\":\"https:\/\/www.swissfairtrade.ch\/it\/#organization\",\"name\":\"Swiss Fair Trade\",\"url\":\"https:\/\/www.swissfairtrade.ch\/it\/\",\"logo\":{\"@type\":\"ImageObject\",\"inLanguage\":\"fr-FR\",\"@id\":\"https:\/\/www.swissfairtrade.ch\/it\/#\/schema\/logo\/image\/\",\"url\":\"https:\/\/www.swissfairtrade.ch\/wp-content\/uploads\/SwissFairTrade-Logo-rgb-203.51.59-web.png\",\"contentUrl\":\"https:\/\/www.swissfairtrade.ch\/wp-content\/uploads\/SwissFairTrade-Logo-rgb-203.51.59-web.png\",\"width\":130,\"height\":115,\"caption\":\"Swiss Fair Trade\"},\"image\":{\"@id\":\"https:\/\/www.swissfairtrade.ch\/it\/#\/schema\/logo\/image\/\"}}]}<\/script>\n<!-- \/ Yoast SEO plugin. -->","yoast_head_json":{"title":"D\u00e9fense d\u2019int\u00e9r\u00eats et formation - Swiss Fair Trade","robots":{"index":"index","follow":"follow","max-snippet":"max-snippet:-1","max-image-preview":"max-image-preview:large","max-video-preview":"max-video-preview:-1"},"canonical":"https:\/\/www.swissfairtrade.ch\/fr\/champs-d-actions\/defense-dinterets-2\/","og_locale":"fr_FR","og_type":"article","og_title":"D\u00e9fense d\u2019int\u00e9r\u00eats et formation - Swiss Fair Trade","og_description":"Revendications du commerce \u00e9quitable.","og_url":"https:\/\/www.swissfairtrade.ch\/fr\/champs-d-actions\/defense-dinterets-2\/","og_site_name":"Swiss Fair Trade","og_image":[{"width":680,"height":378,"url":"https:\/\/www.swissfairtrade.ch\/wp-content\/uploads\/252806-EQIMAGES_356449.jpg","type":"image\/jpeg"}],"twitter_card":"summary_large_image","twitter_misc":{"Dur\u00e9e de lecture estim\u00e9e":"1 minute"},"schema":{"@context":"https:\/\/schema.org","@graph":[{"@type":"WebPage","@id":"https:\/\/www.swissfairtrade.ch\/fr\/champs-d-actions\/defense-dinterets-2\/","url":"https:\/\/www.swissfairtrade.ch\/fr\/champs-d-actions\/defense-dinterets-2\/","name":"D\u00e9fense d\u2019int\u00e9r\u00eats et formation - Swiss Fair Trade","isPartOf":{"@id":"https:\/\/www.swissfairtrade.ch\/it\/#website"},"primaryImageOfPage":{"@id":"https:\/\/www.swissfairtrade.ch\/fr\/champs-d-actions\/defense-dinterets-2\/#primaryimage"},"image":{"@id":"https:\/\/www.swissfairtrade.ch\/fr\/champs-d-actions\/defense-dinterets-2\/#primaryimage"},"thumbnailUrl":"https:\/\/www.swissfairtrade.ch\/wp-content\/uploads\/252806-EQIMAGES_356449.jpg","datePublished":"2025-03-05T10:25:28+00:00","breadcrumb":{"@id":"https:\/\/www.swissfairtrade.ch\/fr\/champs-d-actions\/defense-dinterets-2\/#breadcrumb"},"inLanguage":"fr-FR","potentialAction":[{"@type":"ReadAction","target":["https:\/\/www.swissfairtrade.ch\/fr\/champs-d-actions\/defense-dinterets-2\/"]}]},{"@type":"ImageObject","inLanguage":"fr-FR","@id":"https:\/\/www.swissfairtrade.ch\/fr\/champs-d-actions\/defense-dinterets-2\/#primaryimage","url":"https:\/\/www.swissfairtrade.ch\/wp-content\/uploads\/252806-EQIMAGES_356449.jpg","contentUrl":"https:\/\/www.swissfairtrade.ch\/wp-content\/uploads\/252806-EQIMAGES_356449.jpg","width":680,"height":378},{"@type":"BreadcrumbList","@id":"https:\/\/www.swissfairtrade.ch\/fr\/champs-d-actions\/defense-dinterets-2\/#breadcrumb","itemListElement":[{"@type":"ListItem","position":1,"name":"Home","item":"https:\/\/www.swissfairtrade.ch\/fr\/"},{"@type":"ListItem","position":2,"name":"Champs d\u2019actions","item":"https:\/\/www.swissfairtrade.ch\/fr\/champs-d-actions\/"},{"@type":"ListItem","position":3,"name":"D\u00e9fense d\u2019int\u00e9r\u00eats et formation"}]},{"@type":"WebSite","@id":"https:\/\/www.swissfairtrade.ch\/it\/#website","url":"https:\/\/www.swissfairtrade.ch\/it\/","name":"Swiss Fair Trade","description":"","publisher":{"@id":"https:\/\/www.swissfairtrade.ch\/it\/#organization"},"potentialAction":[{"@type":"SearchAction","target":{"@type":"EntryPoint","urlTemplate":"https:\/\/www.swissfairtrade.ch\/it\/?s={search_term_string}"},"query-input":{"@type":"PropertyValueSpecification","valueRequired":true,"valueName":"search_term_string"}}],"inLanguage":"fr-FR"},{"@type":"Organization","@id":"https:\/\/www.swissfairtrade.ch\/it\/#organization","name":"Swiss Fair Trade","url":"https:\/\/www.swissfairtrade.ch\/it\/","logo":{"@type":"ImageObject","inLanguage":"fr-FR","@id":"https:\/\/www.swissfairtrade.ch\/it\/#\/schema\/logo\/image\/","url":"https:\/\/www.swissfairtrade.ch\/wp-content\/uploads\/SwissFairTrade-Logo-rgb-203.51.59-web.png","contentUrl":"https:\/\/www.swissfairtrade.ch\/wp-content\/uploads\/SwissFairTrade-Logo-rgb-203.51.59-web.png","width":130,"height":115,"caption":"Swiss Fair Trade"},"image":{"@id":"https:\/\/www.swissfairtrade.ch\/it\/#\/schema\/logo\/image\/"}}]}},"_links":{"self":[{"href":"https:\/\/www.swissfairtrade.ch\/fr\/wp-json\/wp\/v2\/pages\/12580","targetHints":{"allow":["GET"]}}],"collection":[{"href":"https:\/\/www.swissfairtrade.ch\/fr\/wp-json\/wp\/v2\/pages"}],"about":[{"href":"https:\/\/www.swissfairtrade.ch\/fr\/wp-json\/wp\/v2\/types\/page"}],"author":[{"embeddable":true,"href":"https:\/\/www.swissfairtrade.ch\/fr\/wp-json\/wp\/v2\/users\/3"}],"replies":[{"embeddable":true,"href":"https:\/\/www.swissfairtrade.ch\/fr\/wp-json\/wp\/v2\/comments?post=12580"}],"version-history":[{"count":0,"href":"https:\/\/www.swissfairtrade.ch\/fr\/wp-json\/wp\/v2\/pages\/12580\/revisions"}],"up":[{"embeddable":true,"href":"https:\/\/www.swissfairtrade.ch\/fr\/wp-json\/wp\/v2\/pages\/3385"}],"wp:featuredmedia":[{"embeddable":true,"href":"https:\/\/www.swissfairtrade.ch\/fr\/wp-json\/wp\/v2\/media\/2609"}],"wp:attachment":[{"href":"https:\/\/www.swissfairtrade.ch\/fr\/wp-json\/wp\/v2\/media?parent=12580"}],"wp:term":[{"taxonomy":"hauptseiten-kategorie","embeddable":true,"href":"https:\/\/www.swissfairtrade.ch\/fr\/wp-json\/wp\/v2\/hauptseiten-kategorie?post=12580"}],"curies":[{"name":"wp","href":"https:\/\/api.w.org\/{rel}","templated":true}]}}

Défense d’intérêts et formation

<div class="wpb-content-wrapper"><p>[vc_row full_width= »stretch_row » content_placement= »bottom » parallax= »content-moving-fade » parallax_image= »2959&Prime; css= ».vc_custom_1535916510486{background: rgba(196,196,196,0.71) url(https://www.swissfairtrade.ch/wp-content/uploads/252806-EQIMAGES_356449.jpg?id=2609);background-position: center;background-repeat: no-repeat !important;background-size: cover !important;*background-color: rgb(196,196,196) !important;} » el_class= »header »][vc_column][vc_column_text el_class= »txt-white »]</p>
<div class="annot">
<div class="row-main">
<div class="text">
<h1><b>Défense d’intérêts et formation</b></h1>
<h2>Revendications du commerce équitable.</h2>
</div>
</div>
</div>
<p>[/vc_column_text][/vc_column][/vc_row][vc_row][vc_column][vc_column_text]Le commerce mondial concerne également les secteurs de la politique et l&rsquo;éducation en Suisse. Nous présentons ici les questions politiques que nous abordons ainsi que des propositions pour inclure le commerce équitable dans l&rsquo;enseignement.[/vc_column_text][/vc_column][/vc_row][vc_row][vc_column][vc_basic_grid post_type= »page » max_items= »-1&Prime; gap= »10&Prime; item= »1885&Prime; css= » » grid_id= »vc_gid:1741170244287-6e577cc6-361b-3&Prime; taxonomies= »239&Prime;][/vc_column][/vc_row]</p>
</div>

<p>Revendications du commerce équitable.</p>

<!-- This site is optimized with the Yoast SEO plugin v26.2 - https://yoast.com/wordpress/plugins/seo/ -->
<title>Défense d’intérêts et formation - Swiss Fair Trade</title>
<meta name="robots" content="index, follow, max-snippet:-1, max-image-preview:large, max-video-preview:-1" />
<link rel="canonical" href="https://www.swissfairtrade.ch/fr/champs-d-actions/defense-dinterets-2/" />
<meta property="og:locale" content="fr_FR" />
<meta property="og:type" content="article" />
<meta property="og:title" content="Défense d’intérêts et formation - Swiss Fair Trade" />
<meta property="og:description" content="Revendications du commerce équitable." />
<meta property="og:url" content="https://www.swissfairtrade.ch/fr/champs-d-actions/defense-dinterets-2/" />
<meta property="og:site_name" content="Swiss Fair Trade" />
<meta property="og:image" content="https://www.swissfairtrade.ch/wp-content/uploads/252806-EQIMAGES_356449.jpg" />
	<meta property="og:image:width" content="680" />
	<meta property="og:image:height" content="378" />
	<meta property="og:image:type" content="image/jpeg" />
<meta name="twitter:card" content="summary_large_image" />
<meta name="twitter:label1" content="Durée de lecture estimée" />
	<meta name="twitter:data1" content="1 minute" />
<script type="application/ld+json" class="yoast-schema-graph">{"@context":"https://schema.org","@graph":[{"@type":"WebPage","@id":"https://www.swissfairtrade.ch/fr/champs-d-actions/defense-dinterets-2/","url":"https://www.swissfairtrade.ch/fr/champs-d-actions/defense-dinterets-2/","name":"Défense d’intérêts et formation - Swiss Fair Trade","isPartOf":{"@id":"https://www.swissfairtrade.ch/it/#website"},"primaryImageOfPage":{"@id":"https://www.swissfairtrade.ch/fr/champs-d-actions/defense-dinterets-2/#primaryimage"},"image":{"@id":"https://www.swissfairtrade.ch/fr/champs-d-actions/defense-dinterets-2/#primaryimage"},"thumbnailUrl":"https://www.swissfairtrade.ch/wp-content/uploads/252806-EQIMAGES_356449.jpg","datePublished":"2025-03-05T10:25:28+00:00","breadcrumb":{"@id":"https://www.swissfairtrade.ch/fr/champs-d-actions/defense-dinterets-2/#breadcrumb"},"inLanguage":"fr-FR","potentialAction":[{"@type":"ReadAction","target":["https://www.swissfairtrade.ch/fr/champs-d-actions/defense-dinterets-2/"]}]},{"@type":"ImageObject","inLanguage":"fr-FR","@id":"https://www.swissfairtrade.ch/fr/champs-d-actions/defense-dinterets-2/#primaryimage","url":"https://www.swissfairtrade.ch/wp-content/uploads/252806-EQIMAGES_356449.jpg","contentUrl":"https://www.swissfairtrade.ch/wp-content/uploads/252806-EQIMAGES_356449.jpg","width":680,"height":378},{"@type":"BreadcrumbList","@id":"https://www.swissfairtrade.ch/fr/champs-d-actions/defense-dinterets-2/#breadcrumb","itemListElement":[{"@type":"ListItem","position":1,"name":"Home","item":"https://www.swissfairtrade.ch/fr/"},{"@type":"ListItem","position":2,"name":"Champs d’actions","item":"https://www.swissfairtrade.ch/fr/champs-d-actions/"},{"@type":"ListItem","position":3,"name":"Défense d’intérêts et formation"}]},{"@type":"WebSite","@id":"https://www.swissfairtrade.ch/it/#website","url":"https://www.swissfairtrade.ch/it/","name":"Swiss Fair Trade","description":"","publisher":{"@id":"https://www.swissfairtrade.ch/it/#organization"},"potentialAction":[{"@type":"SearchAction","target":{"@type":"EntryPoint","urlTemplate":"https://www.swissfairtrade.ch/it/?s={search_term_string}"},"query-input":{"@type":"PropertyValueSpecification","valueRequired":true,"valueName":"search_term_string"}}],"inLanguage":"fr-FR"},{"@type":"Organization","@id":"https://www.swissfairtrade.ch/it/#organization","name":"Swiss Fair Trade","url":"https://www.swissfairtrade.ch/it/","logo":{"@type":"ImageObject","inLanguage":"fr-FR","@id":"https://www.swissfairtrade.ch/it/#/schema/logo/image/","url":"https://www.swissfairtrade.ch/wp-content/uploads/SwissFairTrade-Logo-rgb-203.51.59-web.png","contentUrl":"https://www.swissfairtrade.ch/wp-content/uploads/SwissFairTrade-Logo-rgb-203.51.59-web.png","width":130,"height":115,"caption":"Swiss Fair Trade"},"image":{"@id":"https://www.swissfairtrade.ch/it/#/schema/logo/image/"}}]}</script>
<!-- / Yoast SEO plugin. -->

Défense d’intérêts et formation - Swiss Fair Trade

Revendications du commerce équitable.
